{"id":93,"date":"2021-10-14T17:22:26","date_gmt":"2021-10-14T21:22:26","guid":{"rendered":"https:\/\/www.wahazel.com\/?page_id=93"},"modified":"2026-02-03T13:12:27","modified_gmt":"2026-02-03T18:12:27","slug":"employees","status":"publish","type":"page","link":"https:\/\/www.wahazel.com\/spanish\/employees\/","title":{"rendered":"Empleados"},"content":{"rendered":"","protected":false},"excerpt":{"rendered":"","protected":false},"author":1,"featured_media":881,"parent":0,"menu_order":0,"comment_status":"closed","ping_status":"closed","template":"","meta":{"footnotes":""},"class_list":["post-93","page","type-page","status-publish","has-post-thumbnail","hentry"],"acf":[],"yoast_head":"<!-- This site is optimized with the Yoast SEO plugin v23.5 - https:\/\/yoast.com\/wordpress\/plugins\/seo\/ -->\n<title>Employees | Construction Jobs In Virginia | William A. Hazel, Inc.<\/title>\n<meta name=\"description\" content=\"Learn about our team and unrivaled company culture here at William A. Hazel along with the construction jobs in Virginia we are currently hiring for.\" \/>\n<meta name=\"robots\" content=\"index, follow, max-snippet:-1, max-image-preview:large, max-video-preview:-1\" \/>\n<link rel=\"canonical\" href=\"https:\/\/www.wahazel.com\/spanish\/employees\/\" \/>\n<meta property=\"og:locale\" content=\"es_MX\" \/>\n<meta property=\"og:type\" content=\"article\" \/>\n<meta property=\"og:title\" content=\"Employees | Construction Jobs In Virginia | William A. Hazel, Inc.\" \/>\n<meta property=\"og:description\" content=\"Learn about our team and unrivaled company culture here at William A. Hazel along with the construction jobs in Virginia we are currently hiring for.\" \/>\n<meta property=\"og:url\" content=\"https:\/\/www.wahazel.com\/spanish\/employees\/\" \/>\n<meta property=\"og:site_name\" content=\"William A. Hazel\" \/>\n<meta property=\"article:modified_time\" content=\"2026-02-03T18:12:27+00:00\" \/>\n<meta property=\"og:image\" content=\"https:\/\/www.wahazel.com\/app\/uploads\/2023\/05\/site-work-construction-team-william-a-hazel.webp\" \/>\n\t<meta property=\"og:image:width\" content=\"1200\" \/>\n\t<meta property=\"og:image:height\" content=\"465\" \/>\n\t<meta property=\"og:image:type\" content=\"image\/webp\" \/>\n<meta name=\"twitter:card\" content=\"summary_large_image\" \/>\n<meta name=\"twitter:label1\" content=\"Est. reading time\" \/>\n\t<meta name=\"twitter:data1\" content=\"1 minute\" \/>\n<script type=\"application\/ld+json\" class=\"yoast-schema-graph\">{\"@context\":\"https:\/\/schema.org\",\"@graph\":[{\"@type\":\"WebPage\",\"@id\":\"https:\/\/www.wahazel.com\/employees\/\",\"url\":\"https:\/\/www.wahazel.com\/employees\/\",\"name\":\"Employees | Construction Jobs In Virginia | William A. Hazel, Inc.\",\"isPartOf\":{\"@id\":\"https:\/\/www.wahazel.com\/#website\"},\"primaryImageOfPage\":{\"@id\":\"https:\/\/www.wahazel.com\/employees\/#primaryimage\"},\"image\":{\"@id\":\"https:\/\/www.wahazel.com\/employees\/#primaryimage\"},\"thumbnailUrl\":\"https:\/\/www.wahazel.com\/app\/uploads\/2023\/05\/site-work-construction-team-william-a-hazel.webp\",\"datePublished\":\"2021-10-14T21:22:26+00:00\",\"dateModified\":\"2026-02-03T18:12:27+00:00\",\"description\":\"Learn about our team and unrivaled company culture here at William A. Hazel along with the construction jobs in Virginia we are currently hiring for.\",\"breadcrumb\":{\"@id\":\"https:\/\/www.wahazel.com\/employees\/#breadcrumb\"},\"inLanguage\":\"es-MX\",\"potentialAction\":[{\"@type\":\"ReadAction\",\"target\":[\"https:\/\/www.wahazel.com\/employees\/\"]}]},{\"@type\":\"ImageObject\",\"inLanguage\":\"es-MX\",\"@id\":\"https:\/\/www.wahazel.com\/employees\/#primaryimage\",\"url\":\"https:\/\/www.wahazel.com\/app\/uploads\/2023\/05\/site-work-construction-team-william-a-hazel.webp\",\"contentUrl\":\"https:\/\/www.wahazel.com\/app\/uploads\/2023\/05\/site-work-construction-team-william-a-hazel.webp\",\"width\":1200,\"height\":465,\"caption\":\"William A. Hazel employees on the field with safety vests\"},{\"@type\":\"BreadcrumbList\",\"@id\":\"https:\/\/www.wahazel.com\/employees\/#breadcrumb\",\"itemListElement\":[{\"@type\":\"ListItem\",\"position\":1,\"name\":\"Home\",\"item\":\"https:\/\/www.wahazel.com\/\"},{\"@type\":\"ListItem\",\"position\":2,\"name\":\"Employees\"}]},{\"@type\":\"WebSite\",\"@id\":\"https:\/\/www.wahazel.com\/#website\",\"url\":\"https:\/\/www.wahazel.com\/\",\"name\":\"William A. Hazel\",\"description\":\"A Legacy of Quality est. 1964\",\"publisher\":{\"@id\":\"https:\/\/www.wahazel.com\/#organization\"},\"potentialAction\":[{\"@type\":\"SearchAction\",\"target\":{\"@type\":\"EntryPoint\",\"urlTemplate\":\"https:\/\/www.wahazel.com\/?s={search_term_string}\"},\"query-input\":{\"@type\":\"PropertyValueSpecification\",\"valueRequired\":true,\"valueName\":\"search_term_string\"}}],\"inLanguage\":\"es-MX\"},{\"@type\":\"Organization\",\"@id\":\"https:\/\/www.wahazel.com\/#organization\",\"name\":\"William A. Hazel\",\"url\":\"https:\/\/www.wahazel.com\/\",\"logo\":{\"@type\":\"ImageObject\",\"inLanguage\":\"es-MX\",\"@id\":\"https:\/\/www.wahazel.com\/#\/schema\/logo\/image\/\",\"url\":\"https:\/\/www.wahazel.com\/app\/uploads\/2025\/01\/william-a-hazel-logo.webp\",\"contentUrl\":\"https:\/\/www.wahazel.com\/app\/uploads\/2025\/01\/william-a-hazel-logo.webp\",\"width\":280,\"height\":86,\"caption\":\"William A. Hazel\"},\"image\":{\"@id\":\"https:\/\/www.wahazel.com\/#\/schema\/logo\/image\/\"}}]}<\/script>\n<!-- \/ Yoast SEO plugin. -->","yoast_head_json":{"title":"Empleados | Trabajos De Construcci\u00f3n En Virginia | William A. Hazel, Inc.","description":"Conozca a nuestro equipo y la cultura de empresa sin igual aqu\u00ed en William A. Hazel junto con los trabajos de construcci\u00f3n en Virginia que estamos contratando actualmente.","robots":{"index":"index","follow":"follow","max-snippet":"max-snippet:-1","max-image-preview":"max-image-preview:large","max-video-preview":"max-video-preview:-1"},"canonical":"https:\/\/www.wahazel.com\/spanish\/employees\/","og_locale":"es_MX","og_type":"article","og_title":"Employees | Construction Jobs In Virginia | William A. Hazel, Inc.","og_description":"Learn about our team and unrivaled company culture here at William A. Hazel along with the construction jobs in Virginia we are currently hiring for.","og_url":"https:\/\/www.wahazel.com\/spanish\/employees\/","og_site_name":"William A. Hazel","article_modified_time":"2026-02-03T18:12:27+00:00","og_image":[{"width":1200,"height":465,"url":"https:\/\/www.wahazel.com\/app\/uploads\/2023\/05\/site-work-construction-team-william-a-hazel.webp","type":"image\/webp"}],"twitter_card":"summary_large_image","twitter_misc":{"Est. reading time":"1 minute"},"schema":{"@context":"https:\/\/schema.org","@graph":[{"@type":"WebPage","@id":"https:\/\/www.wahazel.com\/employees\/","url":"https:\/\/www.wahazel.com\/employees\/","name":"Empleados | Trabajos De Construcci\u00f3n En Virginia | William A. Hazel, Inc.","isPartOf":{"@id":"https:\/\/www.wahazel.com\/#website"},"primaryImageOfPage":{"@id":"https:\/\/www.wahazel.com\/employees\/#primaryimage"},"image":{"@id":"https:\/\/www.wahazel.com\/employees\/#primaryimage"},"thumbnailUrl":"https:\/\/www.wahazel.com\/app\/uploads\/2023\/05\/site-work-construction-team-william-a-hazel.webp","datePublished":"2021-10-14T21:22:26+00:00","dateModified":"2026-02-03T18:12:27+00:00","description":"Conozca a nuestro equipo y la cultura de empresa sin igual aqu\u00ed en William A. Hazel junto con los trabajos de construcci\u00f3n en Virginia que estamos contratando actualmente.","breadcrumb":{"@id":"https:\/\/www.wahazel.com\/employees\/#breadcrumb"},"inLanguage":"es-MX","potentialAction":[{"@type":"ReadAction","target":["https:\/\/www.wahazel.com\/employees\/"]}]},{"@type":"ImageObject","inLanguage":"es-MX","@id":"https:\/\/www.wahazel.com\/employees\/#primaryimage","url":"https:\/\/www.wahazel.com\/app\/uploads\/2023\/05\/site-work-construction-team-william-a-hazel.webp","contentUrl":"https:\/\/www.wahazel.com\/app\/uploads\/2023\/05\/site-work-construction-team-william-a-hazel.webp","width":1200,"height":465,"caption":"William A. Hazel employees on the field with safety vests"},{"@type":"BreadcrumbList","@id":"https:\/\/www.wahazel.com\/employees\/#breadcrumb","itemListElement":[{"@type":"ListItem","position":1,"name":"Home","item":"https:\/\/www.wahazel.com\/"},{"@type":"ListItem","position":2,"name":"Employees"}]},{"@type":"WebSite","@id":"https:\/\/www.wahazel.com\/#website","url":"https:\/\/www.wahazel.com\/","name":"William A. Hazel","description":"Un legado de calidad est. 1964","publisher":{"@id":"https:\/\/www.wahazel.com\/#organization"},"potentialAction":[{"@type":"SearchAction","target":{"@type":"EntryPoint","urlTemplate":"https:\/\/www.wahazel.com\/?s={search_term_string}"},"query-input":{"@type":"PropertyValueSpecification","valueRequired":true,"valueName":"search_term_string"}}],"inLanguage":"es-MX"},{"@type":"Organization","@id":"https:\/\/www.wahazel.com\/#organization","name":"William A. Hazel","url":"https:\/\/www.wahazel.com\/","logo":{"@type":"ImageObject","inLanguage":"es-MX","@id":"https:\/\/www.wahazel.com\/#\/schema\/logo\/image\/","url":"https:\/\/www.wahazel.com\/app\/uploads\/2025\/01\/william-a-hazel-logo.webp","contentUrl":"https:\/\/www.wahazel.com\/app\/uploads\/2025\/01\/william-a-hazel-logo.webp","width":280,"height":86,"caption":"William A. Hazel"},"image":{"@id":"https:\/\/www.wahazel.com\/#\/schema\/logo\/image\/"}}]}},"_links":{"self":[{"href":"https:\/\/www.wahazel.com\/spanish\/wp-json\/wp\/v2\/pages\/93"}],"collection":[{"href":"https:\/\/www.wahazel.com\/spanish\/wp-json\/wp\/v2\/pages"}],"about":[{"href":"https:\/\/www.wahazel.com\/spanish\/wp-json\/wp\/v2\/types\/page"}],"author":[{"embeddable":true,"href":"https:\/\/www.wahazel.com\/spanish\/wp-json\/wp\/v2\/users\/1"}],"replies":[{"embeddable":true,"href":"https:\/\/www.wahazel.com\/spanish\/wp-json\/wp\/v2\/comments?post=93"}],"version-history":[{"count":1,"href":"https:\/\/www.wahazel.com\/spanish\/wp-json\/wp\/v2\/pages\/93\/revisions"}],"predecessor-version":[{"id":94,"href":"https:\/\/www.wahazel.com\/spanish\/wp-json\/wp\/v2\/pages\/93\/revisions\/94"}],"wp:featuredmedia":[{"embeddable":true,"href":"https:\/\/www.wahazel.com\/spanish\/wp-json\/wp\/v2\/media\/881"}],"wp:attachment":[{"href":"https:\/\/www.wahazel.com\/spanish\/wp-json\/wp\/v2\/media?parent=93"}],"curies":[{"name":"wp","href":"https:\/\/api.w.org\/{rel}","templated":true}]}}